{"id":20199,"date":"2024-09-17T12:59:17","date_gmt":"2024-09-17T11:59:17","guid":{"rendered":"https:\/\/www.sozetrap.com\/?page_id=20199"},"modified":"2025-04-21T15:49:19","modified_gmt":"2025-04-21T14:49:19","slug":"alarmes","status":"publish","type":"page","link":"http:\/\/www.sozetrap.com\/index.php\/alarmes\/","title":{"rendered":"alarmes"},"content":{"rendered":"<h2 class=\"\" data-sourcepos=\"1:1-1:69\">L&rsquo;alarme intrusion : votre premier rempart contre les cambriolages<img fetchpriority=\"high\" decoding=\"async\" class=\" wp-image-20202 alignright\" src=\"http:\/\/www.sozetrap.com\/wp-content\/uploads\/2024\/09\/alarme-anti-intrusion-logement-300x190.jpg\" alt=\"\" width=\"451\" height=\"285\" srcset=\"http:\/\/www.sozetrap.com\/wp-content\/uploads\/2024\/09\/alarme-anti-intrusion-logement-300x190.jpg 300w, http:\/\/www.sozetrap.com\/wp-content\/uploads\/2024\/09\/alarme-anti-intrusion-logement-1024x648.jpg 1024w, http:\/\/www.sozetrap.com\/wp-content\/uploads\/2024\/09\/alarme-anti-intrusion-logement-768x486.jpg 768w, http:\/\/www.sozetrap.com\/wp-content\/uploads\/2024\/09\/alarme-anti-intrusion-logement-70x44.jpg 70w, http:\/\/www.sozetrap.com\/wp-content\/uploads\/2024\/09\/alarme-anti-intrusion-logement-620x392.jpg 620w, http:\/\/www.sozetrap.com\/wp-content\/uploads\/2024\/09\/alarme-anti-intrusion-logement-600x379.jpg 600w, http:\/\/www.sozetrap.com\/wp-content\/uploads\/2024\/09\/alarme-anti-intrusion-logement.jpg 1170w\" sizes=\"(max-width: 451px) 100vw, 451px\" \/><\/h2>\n<h3 class=\"\" data-sourcepos=\"3:1-3:39\">Qu&rsquo;est-ce qu&rsquo;une alarme intrusion ?<\/h3>\n<p data-sourcepos=\"5:1-5:175\">Une alarme intrusion est un syst\u00e8me de s\u00e9curit\u00e9 con\u00e7u pour d\u00e9tecter toute intrusion dans un b\u00e2timent ou un espace d\u00e9fini. Elle se compose g\u00e9n\u00e9ralement de diff\u00e9rents \u00e9l\u00e9ments :<\/p>\n<ul data-sourcepos=\"7:1-7:18\">\n<li data-sourcepos=\"7:1-7:18\"><strong>Des d\u00e9tecteurs :<\/strong> Ils peuvent \u00eatre volum\u00e9triques (d\u00e9tection de mouvements), magn\u00e9tiques (d\u00e9tection d&rsquo;ouverture de portes ou de fen\u00eatres), ou encore infrarouges.<\/li>\n<li data-sourcepos=\"8:1-8:112\"><strong>Une centrale d&rsquo;alarme :<\/strong> C&rsquo;est le cerveau du syst\u00e8me, qui re\u00e7oit les signaux des d\u00e9tecteurs et d\u00e9clenche l&rsquo;alarme en cas d&rsquo;intrusion.<\/li>\n<li data-sourcepos=\"9:1-9:86\"><strong>Des sir\u00e8nes :<\/strong> Elles permettent d&rsquo;alerter les voisins et de dissuader les intrus.<\/li>\n<li data-sourcepos=\"10:1-11:0\"><strong>Des transmetteurs :<\/strong> Ils envoient des alertes \u00e0 un centre de t\u00e9l\u00e9surveillance ou \u00e0 votre t\u00e9l\u00e9phone portable.<\/li>\n<\/ul>\n<h3 class=\"\" data-sourcepos=\"12:1-12:45\">Pourquoi installer une alarme intrusion ?<\/h3>\n<p data-sourcepos=\"14:1-14:61\">Les raisons d&rsquo;installer une alarme intrusion sont multiples :<\/p>\n<ul data-sourcepos=\"16:1-17:44\">\n<li data-sourcepos=\"16:1-16:134\"><strong>Dissuasion :<\/strong> La pr\u00e9sence d&rsquo;une alarme visible dissuade les cambrioleurs, qui pr\u00e9f\u00e9reront cibler des habitations moins prot\u00e9g\u00e9es.<\/li>\n<li data-sourcepos=\"17:1-17:44\"><strong>D\u00e9tection rapide :<\/strong> En cas d&rsquo;intrusion, l&rsquo;alarme se d\u00e9clenche imm\u00e9diatement, permettant une intervention rapide des forces de l&rsquo;ordre ou d&rsquo;un service de t\u00e9l\u00e9surveillance.<\/li>\n<li data-sourcepos=\"18:1-18:112\"><strong>Protection des biens :<\/strong> Une alarme r\u00e9duit consid\u00e9rablement le risque de vol et de d\u00e9gradation de vos biens.<\/li>\n<li data-sourcepos=\"19:1-20:0\"><strong>S\u00e9curisation des locaux professionnels :<\/strong> Les entreprises utilisent \u00e9galement les alarmes pour prot\u00e9ger leurs locaux et leurs stocks.<\/li>\n<\/ul>\n<h3 class=\"\" data-sourcepos=\"21:1-21:42\">Comment choisir son alarme intrusion ?<\/h3>\n<p data-sourcepos=\"23:1-23:62\">Le choix d&rsquo;une alarme intrusion d\u00e9pend de plusieurs facteurs :<\/p>\n<ul data-sourcepos=\"25:1-25:135\">\n<li data-sourcepos=\"25:1-25:135\"><strong>La taille et la configuration de votre logement :<\/strong> Le nombre de pi\u00e8ces, le nombre d&rsquo;\u00e9tages et la pr\u00e9sence de fen\u00eatres ou de portes \u00e0 prot\u00e9ger.<\/li>\n<li data-sourcepos=\"26:1-26:105\"><strong>Votre budget :<\/strong> Les alarmes peuvent varier consid\u00e9rablement en termes de prix et de fonctionnalit\u00e9s.<\/li>\n<li data-sourcepos=\"27:1-28:0\"><strong>Vos besoins sp\u00e9cifiques :<\/strong> Vous souhaitez une simple alarme sonore ou un syst\u00e8me connect\u00e9 \u00e0 un centre de t\u00e9l\u00e9surveillance ?<\/li>\n<\/ul>\n<h3 class=\"\" data-sourcepos=\"29:1-29:44\">Les diff\u00e9rents types d&rsquo;alarmes intrusion<\/h3>\n<p data-sourcepos=\"31:1-31:48\">Il existe diff\u00e9rents types d&rsquo;alarmes intrusion :<\/p>\n<ul data-sourcepos=\"33:1-34:77\">\n<li data-sourcepos=\"33:1-33:162\"><strong>Les alarmes filaires :<\/strong> Les d\u00e9tecteurs sont reli\u00e9s \u00e0 la centrale d&rsquo;alarme par des fils. Elles sont g\u00e9n\u00e9ralement plus fiables mais plus complexes \u00e0 installer.<\/li>\n<li data-sourcepos=\"34:1-34:77\"><strong>Les alarmes sans fil :<\/strong> Les d\u00e9tecteurs communiquent avec la centrale par radiofr\u00e9quence. Elles sont plus faciles \u00e0 installer mais peuvent \u00eatre sensibles aux interf\u00e9rences.<\/li>\n<li data-sourcepos=\"35:1-36:0\"><strong>Les alarmes connect\u00e9es :<\/strong> Elles peuvent \u00eatre contr\u00f4l\u00e9es \u00e0 distance via une application mobile et sont souvent associ\u00e9es \u00e0 d&rsquo;autres dispositifs domotiques.<\/li>\n<\/ul>\n<h3 class=\"\" data-sourcepos=\"37:1-37:31\">Les + de l&rsquo;alarme intrusion<\/h3>\n<ul data-sourcepos=\"39:1-41:80\">\n<li data-sourcepos=\"39:1-39:128\"><strong>S\u00e9curit\u00e9 renforc\u00e9e :<\/strong> Une alarme intrusion est un excellent moyen de s\u00e9curiser votre logement ou vos locaux professionnels.<\/li>\n<li data-sourcepos=\"40:1-40:79\"><strong>Dissuasion efficace :<\/strong> La pr\u00e9sence d&rsquo;une alarme dissuade les cambrioleurs.<\/li>\n<li data-sourcepos=\"41:1-41:80\"><strong>D\u00e9tection rapide :<\/strong> En cas d&rsquo;intrusion, l&rsquo;alarme se d\u00e9clenche imm\u00e9diatement.<\/li>\n<li data-sourcepos=\"42:1-43:0\"><strong>Possibilit\u00e9 de t\u00e9l\u00e9surveillance :<\/strong> Certains syst\u00e8mes permettent d&rsquo;\u00eatre alert\u00e9 en temps r\u00e9el en cas d&rsquo;intrusion.<\/li>\n<\/ul>\n<p data-sourcepos=\"44:1-44:227\"><strong>En conclusion,<\/strong> l&rsquo;installation d&rsquo;une alarme intrusion est un investissement judicieux pour prot\u00e9ger votre domicile et vos biens. N&rsquo;h\u00e9sitez pas \u00e0 faire appel \u00e0 un professionnel pour vous conseiller et installer votre syst\u00e8me.<\/p>\n","protected":false},"excerpt":{"rendered":"<p>L&rsquo;alarme intrusion : votre premier rempart contre les cambriolages Qu&rsquo;est-ce qu&rsquo;une alarme intrusion ? Une alarme intrusion est un syst\u00e8me de s\u00e9curit\u00e9 con\u00e7u pour d\u00e9tecter toute intrusion dans un b\u00e2timent ou un espace d\u00e9fini. Elle se compose g\u00e9n\u00e9ralement de diff\u00e9rents \u00e9l\u00e9ments : Des d\u00e9tecteurs : Ils peuvent \u00eatre volum\u00e9triques (d\u00e9tection de mouvements), magn\u00e9tiques (d\u00e9tection d&rsquo;ouverture [&hellip;]<\/p>\n","protected":false},"author":1,"featured_media":0,"parent":0,"menu_order":0,"comment_status":"closed","ping_status":"closed","template":"","meta":{"footnotes":""},"class_list":["post-20199","page","type-page","status-publish","hentry"],"yoast_head":"<!-- This site is optimized with the Yoast SEO plugin v24.4 - https:\/\/yoast.com\/wordpress\/plugins\/seo\/ -->\n<title>alarmes - sozetrap<\/title>\n<meta name=\"robots\" content=\"index, follow, max-snippet:-1, max-image-preview:large, max-video-preview:-1\" \/>\n<link rel=\"canonical\" href=\"http:\/\/www.sozetrap.com\/index.php\/alarmes\/\" \/>\n<meta property=\"og:locale\" content=\"fr_FR\" \/>\n<meta property=\"og:type\" content=\"article\" \/>\n<meta property=\"og:title\" content=\"alarmes - sozetrap\" \/>\n<meta property=\"og:description\" content=\"L&rsquo;alarme intrusion : votre premier rempart contre les cambriolages Qu&rsquo;est-ce qu&rsquo;une alarme intrusion ? Une alarme intrusion est un syst\u00e8me de s\u00e9curit\u00e9 con\u00e7u pour d\u00e9tecter toute intrusion dans un b\u00e2timent ou un espace d\u00e9fini. Elle se compose g\u00e9n\u00e9ralement de diff\u00e9rents \u00e9l\u00e9ments : Des d\u00e9tecteurs : Ils peuvent \u00eatre volum\u00e9triques (d\u00e9tection de mouvements), magn\u00e9tiques (d\u00e9tection d&rsquo;ouverture [&hellip;]\" \/>\n<meta property=\"og:url\" content=\"http:\/\/www.sozetrap.com\/index.php\/alarmes\/\" \/>\n<meta property=\"og:site_name\" content=\"sozetrap\" \/>\n<meta property=\"article:publisher\" content=\"https:\/\/www.facebook.com\/sozetrap.sozetrap.560\/\" \/>\n<meta property=\"article:modified_time\" content=\"2025-04-21T14:49:19+00:00\" \/>\n<meta property=\"og:image\" content=\"http:\/\/www.sozetrap.com\/wp-content\/uploads\/2024\/09\/alarme-anti-intrusion-logement-300x190.jpg\" \/>\n<meta name=\"twitter:card\" content=\"summary_large_image\" \/>\n<meta name=\"twitter:label1\" content=\"Dur\u00e9e de lecture estim\u00e9e\" \/>\n\t<meta name=\"twitter:data1\" content=\"2 minutes\" \/>\n<script type=\"application\/ld+json\" class=\"yoast-schema-graph\">{\"@context\":\"https:\/\/schema.org\",\"@graph\":[{\"@type\":\"WebPage\",\"@id\":\"http:\/\/www.sozetrap.com\/index.php\/alarmes\/\",\"url\":\"http:\/\/www.sozetrap.com\/index.php\/alarmes\/\",\"name\":\"alarmes - sozetrap\",\"isPartOf\":{\"@id\":\"http:\/\/www.sozetrap.com\/#website\"},\"primaryImageOfPage\":{\"@id\":\"http:\/\/www.sozetrap.com\/index.php\/alarmes\/#primaryimage\"},\"image\":{\"@id\":\"http:\/\/www.sozetrap.com\/index.php\/alarmes\/#primaryimage\"},\"thumbnailUrl\":\"http:\/\/www.sozetrap.com\/wp-content\/uploads\/2024\/09\/alarme-anti-intrusion-logement-300x190.jpg\",\"datePublished\":\"2024-09-17T11:59:17+00:00\",\"dateModified\":\"2025-04-21T14:49:19+00:00\",\"breadcrumb\":{\"@id\":\"http:\/\/www.sozetrap.com\/index.php\/alarmes\/#breadcrumb\"},\"inLanguage\":\"fr-FR\",\"potentialAction\":[{\"@type\":\"ReadAction\",\"target\":[\"http:\/\/www.sozetrap.com\/index.php\/alarmes\/\"]}]},{\"@type\":\"ImageObject\",\"inLanguage\":\"fr-FR\",\"@id\":\"http:\/\/www.sozetrap.com\/index.php\/alarmes\/#primaryimage\",\"url\":\"http:\/\/www.sozetrap.com\/wp-content\/uploads\/2024\/09\/alarme-anti-intrusion-logement.jpg\",\"contentUrl\":\"http:\/\/www.sozetrap.com\/wp-content\/uploads\/2024\/09\/alarme-anti-intrusion-logement.jpg\",\"width\":1170,\"height\":740},{\"@type\":\"BreadcrumbList\",\"@id\":\"http:\/\/www.sozetrap.com\/index.php\/alarmes\/#breadcrumb\",\"itemListElement\":[{\"@type\":\"ListItem\",\"position\":1,\"name\":\"Accueil\",\"item\":\"http:\/\/www.sozetrap.com\/\"},{\"@type\":\"ListItem\",\"position\":2,\"name\":\"alarmes\"}]},{\"@type\":\"WebSite\",\"@id\":\"http:\/\/www.sozetrap.com\/#website\",\"url\":\"http:\/\/www.sozetrap.com\/\",\"name\":\"sozetrap\",\"description\":\"Travaillons ensemble pour votre s\u00e9curit\u00e9\",\"publisher\":{\"@id\":\"http:\/\/www.sozetrap.com\/#organization\"},\"potentialAction\":[{\"@type\":\"SearchAction\",\"target\":{\"@type\":\"EntryPoint\",\"urlTemplate\":\"http:\/\/www.sozetrap.com\/?s={search_term_string}\"},\"query-input\":{\"@type\":\"PropertyValueSpecification\",\"valueRequired\":true,\"valueName\":\"search_term_string\"}}],\"inLanguage\":\"fr-FR\"},{\"@type\":\"Organization\",\"@id\":\"http:\/\/www.sozetrap.com\/#organization\",\"name\":\"sozetrap\",\"url\":\"http:\/\/www.sozetrap.com\/\",\"logo\":{\"@type\":\"ImageObject\",\"inLanguage\":\"fr-FR\",\"@id\":\"http:\/\/www.sozetrap.com\/#\/schema\/logo\/image\/\",\"url\":\"http:\/\/www.sozetrap.com\/wp-content\/uploads\/2024\/05\/logo-papier-entete-2024.jpg\",\"contentUrl\":\"http:\/\/www.sozetrap.com\/wp-content\/uploads\/2024\/05\/logo-papier-entete-2024.jpg\",\"width\":316,\"height\":263,\"caption\":\"sozetrap\"},\"image\":{\"@id\":\"http:\/\/www.sozetrap.com\/#\/schema\/logo\/image\/\"},\"sameAs\":[\"https:\/\/www.facebook.com\/sozetrap.sozetrap.560\/\"]}]}<\/script>\n<!-- \/ Yoast SEO plugin. -->","yoast_head_json":{"title":"alarmes - sozetrap","robots":{"index":"index","follow":"follow","max-snippet":"max-snippet:-1","max-image-preview":"max-image-preview:large","max-video-preview":"max-video-preview:-1"},"canonical":"http:\/\/www.sozetrap.com\/index.php\/alarmes\/","og_locale":"fr_FR","og_type":"article","og_title":"alarmes - sozetrap","og_description":"L&rsquo;alarme intrusion : votre premier rempart contre les cambriolages Qu&rsquo;est-ce qu&rsquo;une alarme intrusion ? Une alarme intrusion est un syst\u00e8me de s\u00e9curit\u00e9 con\u00e7u pour d\u00e9tecter toute intrusion dans un b\u00e2timent ou un espace d\u00e9fini. Elle se compose g\u00e9n\u00e9ralement de diff\u00e9rents \u00e9l\u00e9ments : Des d\u00e9tecteurs : Ils peuvent \u00eatre volum\u00e9triques (d\u00e9tection de mouvements), magn\u00e9tiques (d\u00e9tection d&rsquo;ouverture [&hellip;]","og_url":"http:\/\/www.sozetrap.com\/index.php\/alarmes\/","og_site_name":"sozetrap","article_publisher":"https:\/\/www.facebook.com\/sozetrap.sozetrap.560\/","article_modified_time":"2025-04-21T14:49:19+00:00","og_image":[{"url":"http:\/\/www.sozetrap.com\/wp-content\/uploads\/2024\/09\/alarme-anti-intrusion-logement-300x190.jpg","type":"","width":"","height":""}],"twitter_card":"summary_large_image","twitter_misc":{"Dur\u00e9e de lecture estim\u00e9e":"2 minutes"},"schema":{"@context":"https:\/\/schema.org","@graph":[{"@type":"WebPage","@id":"http:\/\/www.sozetrap.com\/index.php\/alarmes\/","url":"http:\/\/www.sozetrap.com\/index.php\/alarmes\/","name":"alarmes - sozetrap","isPartOf":{"@id":"http:\/\/www.sozetrap.com\/#website"},"primaryImageOfPage":{"@id":"http:\/\/www.sozetrap.com\/index.php\/alarmes\/#primaryimage"},"image":{"@id":"http:\/\/www.sozetrap.com\/index.php\/alarmes\/#primaryimage"},"thumbnailUrl":"http:\/\/www.sozetrap.com\/wp-content\/uploads\/2024\/09\/alarme-anti-intrusion-logement-300x190.jpg","datePublished":"2024-09-17T11:59:17+00:00","dateModified":"2025-04-21T14:49:19+00:00","breadcrumb":{"@id":"http:\/\/www.sozetrap.com\/index.php\/alarmes\/#breadcrumb"},"inLanguage":"fr-FR","potentialAction":[{"@type":"ReadAction","target":["http:\/\/www.sozetrap.com\/index.php\/alarmes\/"]}]},{"@type":"ImageObject","inLanguage":"fr-FR","@id":"http:\/\/www.sozetrap.com\/index.php\/alarmes\/#primaryimage","url":"http:\/\/www.sozetrap.com\/wp-content\/uploads\/2024\/09\/alarme-anti-intrusion-logement.jpg","contentUrl":"http:\/\/www.sozetrap.com\/wp-content\/uploads\/2024\/09\/alarme-anti-intrusion-logement.jpg","width":1170,"height":740},{"@type":"BreadcrumbList","@id":"http:\/\/www.sozetrap.com\/index.php\/alarmes\/#breadcrumb","itemListElement":[{"@type":"ListItem","position":1,"name":"Accueil","item":"http:\/\/www.sozetrap.com\/"},{"@type":"ListItem","position":2,"name":"alarmes"}]},{"@type":"WebSite","@id":"http:\/\/www.sozetrap.com\/#website","url":"http:\/\/www.sozetrap.com\/","name":"sozetrap","description":"Travaillons ensemble pour votre s\u00e9curit\u00e9","publisher":{"@id":"http:\/\/www.sozetrap.com\/#organization"},"potentialAction":[{"@type":"SearchAction","target":{"@type":"EntryPoint","urlTemplate":"http:\/\/www.sozetrap.com\/?s={search_term_string}"},"query-input":{"@type":"PropertyValueSpecification","valueRequired":true,"valueName":"search_term_string"}}],"inLanguage":"fr-FR"},{"@type":"Organization","@id":"http:\/\/www.sozetrap.com\/#organization","name":"sozetrap","url":"http:\/\/www.sozetrap.com\/","logo":{"@type":"ImageObject","inLanguage":"fr-FR","@id":"http:\/\/www.sozetrap.com\/#\/schema\/logo\/image\/","url":"http:\/\/www.sozetrap.com\/wp-content\/uploads\/2024\/05\/logo-papier-entete-2024.jpg","contentUrl":"http:\/\/www.sozetrap.com\/wp-content\/uploads\/2024\/05\/logo-papier-entete-2024.jpg","width":316,"height":263,"caption":"sozetrap"},"image":{"@id":"http:\/\/www.sozetrap.com\/#\/schema\/logo\/image\/"},"sameAs":["https:\/\/www.facebook.com\/sozetrap.sozetrap.560\/"]}]}},"jetpack_sharing_enabled":true,"_links":{"self":[{"href":"http:\/\/www.sozetrap.com\/index.php\/wp-json\/wp\/v2\/pages\/20199","targetHints":{"allow":["GET"]}}],"collection":[{"href":"http:\/\/www.sozetrap.com\/index.php\/wp-json\/wp\/v2\/pages"}],"about":[{"href":"http:\/\/www.sozetrap.com\/index.php\/wp-json\/wp\/v2\/types\/page"}],"author":[{"embeddable":true,"href":"http:\/\/www.sozetrap.com\/index.php\/wp-json\/wp\/v2\/users\/1"}],"replies":[{"embeddable":true,"href":"http:\/\/www.sozetrap.com\/index.php\/wp-json\/wp\/v2\/comments?post=20199"}],"version-history":[{"count":1,"href":"http:\/\/www.sozetrap.com\/index.php\/wp-json\/wp\/v2\/pages\/20199\/revisions"}],"predecessor-version":[{"id":21448,"href":"http:\/\/www.sozetrap.com\/index.php\/wp-json\/wp\/v2\/pages\/20199\/revisions\/21448"}],"wp:attachment":[{"href":"http:\/\/www.sozetrap.com\/index.php\/wp-json\/wp\/v2\/media?parent=20199"}],"curies":[{"name":"wp","href":"https:\/\/api.w.org\/{rel}","templated":true}]}}