{"id":20838,"date":"2024-11-02T12:49:15","date_gmt":"2024-11-02T11:49:15","guid":{"rendered":"https:\/\/www.sozetrap.com\/?post_type=product&#038;p=20838"},"modified":"2024-11-02T12:49:15","modified_gmt":"2024-11-02T11:49:15","slug":"dss-200g","status":"publish","type":"product","link":"http:\/\/www.sozetrap.com\/index.php\/product\/dss-200g\/","title":{"rendered":"DSS-200G"},"content":{"rendered":"","protected":false},"excerpt":{"rendered":"<p>Switches Gigabit PoE Smart Surveillance<br \/>\nDSS-200G Series<br \/>\nStatut produit (Revision A1): Live  Live<br \/>\nPoE et PoE++ avec bilan de puissance jusqu\u2019\u00e0 518 W<br \/>\nD\u00e9ployez des cam\u00e9ras IP jusqu\u2019\u00e0 250 m<br \/>\nCommutateur DIP pour commandes rapides<br \/>\nProtection contre les surtensions 6 kV<br \/>\nFonctionnalit\u00e9s de gestion L2 (VLANs, Spannning Tree, etc)<br \/>\nD\u00e9tection automatique des appareils ONVIF<br \/>\nInterface web<br \/>\nGarantie D-Link de 5 ans<br \/>\n<a href=\"http:\/\/www.sozetrap.com\/wp-content\/uploads\/2024\/11\/DSS_200G_EU_Rev_A1_Datasheet_EU_FR.pdf\"><br \/>\nT\u00e9l\u00e9charger la fiche technique<\/a><\/p>\n","protected":false},"featured_media":20839,"comment_status":"open","ping_status":"closed","template":"","meta":[],"product_cat":[61],"product_tag":[],"class_list":{"0":"post-20838","1":"product","2":"type-product","3":"status-publish","4":"has-post-thumbnail","6":"product_cat-security-cameras","8":"first","9":"instock","10":"shipping-taxable","11":"product-type-simple"},"yoast_head":"<!-- This site is optimized with the Yoast SEO plugin v24.4 - https:\/\/yoast.com\/wordpress\/plugins\/seo\/ -->\n<title>DSS-200G - sozetrap<\/title>\n<meta name=\"robots\" content=\"index, follow, max-snippet:-1, max-image-preview:large, max-video-preview:-1\" \/>\n<link rel=\"canonical\" href=\"http:\/\/www.sozetrap.com\/index.php\/product\/dss-200g\/\" \/>\n<meta property=\"og:locale\" content=\"fr_FR\" \/>\n<meta property=\"og:type\" content=\"article\" \/>\n<meta property=\"og:title\" content=\"DSS-200G - sozetrap\" \/>\n<meta property=\"og:description\" content=\"Switches Gigabit PoE Smart Surveillance DSS-200G Series Statut produit (Revision A1): Live Live PoE et PoE++ avec bilan de puissance jusqu\u2019\u00e0 518 W  D\u00e9ployez des cam\u00e9ras IP jusqu\u2019\u00e0 250 m Commutateur DIP pour commandes rapides Protection contre les surtensions 6 kV Fonctionnalit\u00e9s de gestion L2 (VLANs, Spannning Tree, etc) D\u00e9tection automatique des appareils ONVIF Interface web Garantie D-Link de 5 ans   T\u00e9l\u00e9charger la fiche technique\" \/>\n<meta property=\"og:url\" content=\"http:\/\/www.sozetrap.com\/index.php\/product\/dss-200g\/\" \/>\n<meta property=\"og:site_name\" content=\"sozetrap\" \/>\n<meta property=\"article:publisher\" content=\"https:\/\/www.facebook.com\/sozetrap.sozetrap.560\/\" \/>\n<meta property=\"og:image\" content=\"http:\/\/www.sozetrap.com\/wp-content\/uploads\/2024\/11\/DSS-200G-10MP-A1-Front.png\" \/>\n\t<meta property=\"og:image:width\" content=\"1276\" \/>\n\t<meta property=\"og:image:height\" content=\"495\" \/>\n\t<meta property=\"og:image:type\" content=\"image\/png\" \/>\n<meta name=\"twitter:card\" content=\"summary_large_image\" \/>\n<script type=\"application\/ld+json\" class=\"yoast-schema-graph\">{\"@context\":\"https:\/\/schema.org\",\"@graph\":[{\"@type\":\"WebPage\",\"@id\":\"http:\/\/www.sozetrap.com\/index.php\/product\/dss-200g\/\",\"url\":\"http:\/\/www.sozetrap.com\/index.php\/product\/dss-200g\/\",\"name\":\"DSS-200G - sozetrap\",\"isPartOf\":{\"@id\":\"https:\/\/www.sozetrap.com\/#website\"},\"primaryImageOfPage\":{\"@id\":\"http:\/\/www.sozetrap.com\/index.php\/product\/dss-200g\/#primaryimage\"},\"image\":{\"@id\":\"http:\/\/www.sozetrap.com\/index.php\/product\/dss-200g\/#primaryimage\"},\"thumbnailUrl\":\"http:\/\/www.sozetrap.com\/wp-content\/uploads\/2024\/11\/DSS-200G-10MP-A1-Front.png\",\"datePublished\":\"2024-11-02T11:49:15+00:00\",\"breadcrumb\":{\"@id\":\"http:\/\/www.sozetrap.com\/index.php\/product\/dss-200g\/#breadcrumb\"},\"inLanguage\":\"fr-FR\",\"potentialAction\":[{\"@type\":\"ReadAction\",\"target\":[\"http:\/\/www.sozetrap.com\/index.php\/product\/dss-200g\/\"]}]},{\"@type\":\"ImageObject\",\"inLanguage\":\"fr-FR\",\"@id\":\"http:\/\/www.sozetrap.com\/index.php\/product\/dss-200g\/#primaryimage\",\"url\":\"http:\/\/www.sozetrap.com\/wp-content\/uploads\/2024\/11\/DSS-200G-10MP-A1-Front.png\",\"contentUrl\":\"http:\/\/www.sozetrap.com\/wp-content\/uploads\/2024\/11\/DSS-200G-10MP-A1-Front.png\",\"width\":1276,\"height\":495},{\"@type\":\"BreadcrumbList\",\"@id\":\"http:\/\/www.sozetrap.com\/index.php\/product\/dss-200g\/#breadcrumb\",\"itemListElement\":[{\"@type\":\"ListItem\",\"position\":1,\"name\":\"Accueil\",\"item\":\"https:\/\/www.sozetrap.com\/\"},{\"@type\":\"ListItem\",\"position\":2,\"name\":\"Produits\",\"item\":\"http:\/\/www.sozetrap.com\/index.php\/produits\/\"},{\"@type\":\"ListItem\",\"position\":3,\"name\":\"DSS-200G\"}]},{\"@type\":\"WebSite\",\"@id\":\"https:\/\/www.sozetrap.com\/#website\",\"url\":\"https:\/\/www.sozetrap.com\/\",\"name\":\"sozetrap\",\"description\":\"Travaillons ensemble pour votre s\u00e9curit\u00e9\",\"publisher\":{\"@id\":\"https:\/\/www.sozetrap.com\/#organization\"},\"potentialAction\":[{\"@type\":\"SearchAction\",\"target\":{\"@type\":\"EntryPoint\",\"urlTemplate\":\"https:\/\/www.sozetrap.com\/?s={search_term_string}\"},\"query-input\":{\"@type\":\"PropertyValueSpecification\",\"valueRequired\":true,\"valueName\":\"search_term_string\"}}],\"inLanguage\":\"fr-FR\"},{\"@type\":\"Organization\",\"@id\":\"https:\/\/www.sozetrap.com\/#organization\",\"name\":\"sozetrap\",\"url\":\"https:\/\/www.sozetrap.com\/\",\"logo\":{\"@type\":\"ImageObject\",\"inLanguage\":\"fr-FR\",\"@id\":\"https:\/\/www.sozetrap.com\/#\/schema\/logo\/image\/\",\"url\":\"http:\/\/www.sozetrap.com\/wp-content\/uploads\/2024\/05\/logo-papier-entete-2024.jpg\",\"contentUrl\":\"http:\/\/www.sozetrap.com\/wp-content\/uploads\/2024\/05\/logo-papier-entete-2024.jpg\",\"width\":316,\"height\":263,\"caption\":\"sozetrap\"},\"image\":{\"@id\":\"https:\/\/www.sozetrap.com\/#\/schema\/logo\/image\/\"},\"sameAs\":[\"https:\/\/www.facebook.com\/sozetrap.sozetrap.560\/\"]}]}<\/script>\n<!-- \/ Yoast SEO plugin. -->","yoast_head_json":{"title":"DSS-200G - sozetrap","robots":{"index":"index","follow":"follow","max-snippet":"max-snippet:-1","max-image-preview":"max-image-preview:large","max-video-preview":"max-video-preview:-1"},"canonical":"http:\/\/www.sozetrap.com\/index.php\/product\/dss-200g\/","og_locale":"fr_FR","og_type":"article","og_title":"DSS-200G - sozetrap","og_description":"Switches Gigabit PoE Smart Surveillance DSS-200G Series Statut produit (Revision A1): Live Live PoE et PoE++ avec bilan de puissance jusqu\u2019\u00e0 518 W  D\u00e9ployez des cam\u00e9ras IP jusqu\u2019\u00e0 250 m Commutateur DIP pour commandes rapides Protection contre les surtensions 6 kV Fonctionnalit\u00e9s de gestion L2 (VLANs, Spannning Tree, etc) D\u00e9tection automatique des appareils ONVIF Interface web Garantie D-Link de 5 ans   T\u00e9l\u00e9charger la fiche technique","og_url":"http:\/\/www.sozetrap.com\/index.php\/product\/dss-200g\/","og_site_name":"sozetrap","article_publisher":"https:\/\/www.facebook.com\/sozetrap.sozetrap.560\/","og_image":[{"width":1276,"height":495,"url":"http:\/\/www.sozetrap.com\/wp-content\/uploads\/2024\/11\/DSS-200G-10MP-A1-Front.png","type":"image\/png"}],"twitter_card":"summary_large_image","schema":{"@context":"https:\/\/schema.org","@graph":[{"@type":"WebPage","@id":"http:\/\/www.sozetrap.com\/index.php\/product\/dss-200g\/","url":"http:\/\/www.sozetrap.com\/index.php\/product\/dss-200g\/","name":"DSS-200G - sozetrap","isPartOf":{"@id":"https:\/\/www.sozetrap.com\/#website"},"primaryImageOfPage":{"@id":"http:\/\/www.sozetrap.com\/index.php\/product\/dss-200g\/#primaryimage"},"image":{"@id":"http:\/\/www.sozetrap.com\/index.php\/product\/dss-200g\/#primaryimage"},"thumbnailUrl":"http:\/\/www.sozetrap.com\/wp-content\/uploads\/2024\/11\/DSS-200G-10MP-A1-Front.png","datePublished":"2024-11-02T11:49:15+00:00","breadcrumb":{"@id":"http:\/\/www.sozetrap.com\/index.php\/product\/dss-200g\/#breadcrumb"},"inLanguage":"fr-FR","potentialAction":[{"@type":"ReadAction","target":["http:\/\/www.sozetrap.com\/index.php\/product\/dss-200g\/"]}]},{"@type":"ImageObject","inLanguage":"fr-FR","@id":"http:\/\/www.sozetrap.com\/index.php\/product\/dss-200g\/#primaryimage","url":"http:\/\/www.sozetrap.com\/wp-content\/uploads\/2024\/11\/DSS-200G-10MP-A1-Front.png","contentUrl":"http:\/\/www.sozetrap.com\/wp-content\/uploads\/2024\/11\/DSS-200G-10MP-A1-Front.png","width":1276,"height":495},{"@type":"BreadcrumbList","@id":"http:\/\/www.sozetrap.com\/index.php\/product\/dss-200g\/#breadcrumb","itemListElement":[{"@type":"ListItem","position":1,"name":"Accueil","item":"https:\/\/www.sozetrap.com\/"},{"@type":"ListItem","position":2,"name":"Produits","item":"http:\/\/www.sozetrap.com\/index.php\/produits\/"},{"@type":"ListItem","position":3,"name":"DSS-200G"}]},{"@type":"WebSite","@id":"https:\/\/www.sozetrap.com\/#website","url":"https:\/\/www.sozetrap.com\/","name":"sozetrap","description":"Travaillons ensemble pour votre s\u00e9curit\u00e9","publisher":{"@id":"https:\/\/www.sozetrap.com\/#organization"},"potentialAction":[{"@type":"SearchAction","target":{"@type":"EntryPoint","urlTemplate":"https:\/\/www.sozetrap.com\/?s={search_term_string}"},"query-input":{"@type":"PropertyValueSpecification","valueRequired":true,"valueName":"search_term_string"}}],"inLanguage":"fr-FR"},{"@type":"Organization","@id":"https:\/\/www.sozetrap.com\/#organization","name":"sozetrap","url":"https:\/\/www.sozetrap.com\/","logo":{"@type":"ImageObject","inLanguage":"fr-FR","@id":"https:\/\/www.sozetrap.com\/#\/schema\/logo\/image\/","url":"http:\/\/www.sozetrap.com\/wp-content\/uploads\/2024\/05\/logo-papier-entete-2024.jpg","contentUrl":"http:\/\/www.sozetrap.com\/wp-content\/uploads\/2024\/05\/logo-papier-entete-2024.jpg","width":316,"height":263,"caption":"sozetrap"},"image":{"@id":"https:\/\/www.sozetrap.com\/#\/schema\/logo\/image\/"},"sameAs":["https:\/\/www.facebook.com\/sozetrap.sozetrap.560\/"]}]}},"jetpack_sharing_enabled":true,"_links":{"self":[{"href":"http:\/\/www.sozetrap.com\/index.php\/wp-json\/wp\/v2\/product\/20838","targetHints":{"allow":["GET"]}}],"collection":[{"href":"http:\/\/www.sozetrap.com\/index.php\/wp-json\/wp\/v2\/product"}],"about":[{"href":"http:\/\/www.sozetrap.com\/index.php\/wp-json\/wp\/v2\/types\/product"}],"replies":[{"embeddable":true,"href":"http:\/\/www.sozetrap.com\/index.php\/wp-json\/wp\/v2\/comments?post=20838"}],"wp:featuredmedia":[{"embeddable":true,"href":"http:\/\/www.sozetrap.com\/index.php\/wp-json\/wp\/v2\/media\/20839"}],"wp:attachment":[{"href":"http:\/\/www.sozetrap.com\/index.php\/wp-json\/wp\/v2\/media?parent=20838"}],"wp:term":[{"taxonomy":"product_cat","embeddable":true,"href":"http:\/\/www.sozetrap.com\/index.php\/wp-json\/wp\/v2\/product_cat?post=20838"},{"taxonomy":"product_tag","embeddable":true,"href":"http:\/\/www.sozetrap.com\/index.php\/wp-json\/wp\/v2\/product_tag?post=20838"}],"curies":[{"name":"wp","href":"https:\/\/api.w.org\/{rel}","templated":true}]}}