{"id":20190,"date":"2024-09-17T12:41:26","date_gmt":"2024-09-17T11:41:26","guid":{"rendered":"https:\/\/www.sozetrap.com\/?page_id=20190"},"modified":"2024-10-02T19:45:55","modified_gmt":"2024-10-02T18:45:55","slug":"securite-informatique","status":"publish","type":"page","link":"https:\/\/www.sozetrap.com\/index.php\/securite-informatique\/","title":{"rendered":"s\u00e9curit\u00e9 informatique"},"content":{"rendered":"<figure><\/figure>\n<h3><img fetchpriority=\"high\" decoding=\"async\" class=\"size-full wp-image-15748 alignright\" src=\"http:\/\/www.sozetrap.com\/wp-content\/uploads\/2018\/08\/23425.jpg\" alt=\"\" width=\"360\" height=\"225\" \/><strong>La s\u00e9curit\u00e9 informatique : un enjeu majeur \u00e0 l&rsquo;\u00e8re du num\u00e9rique<\/strong><\/h3>\n<figure><\/figure>\n<p data-sourcepos=\"9:1-9:147\">Dans un monde de plus en plus connect\u00e9, o\u00f9 les donn\u00e9es personnelles et professionnelles sont omnipr\u00e9sentes, la s\u00e9curit\u00e9 informatique est devenue un enjeu primordial. Les cyberattaques se multiplient et peuvent avoir des cons\u00e9quences d\u00e9sastreuses pour les particuliers comme pour les entreprises. Cet article vous permettra de mieux comprendre les enjeux de la s\u00e9curit\u00e9 informatique et de mettre en place les bonnes pratiques pour prot\u00e9ger vos donn\u00e9es.<\/p>\n<p data-sourcepos=\"11:1-11:44\"><strong>Qu&rsquo;est-ce que la s\u00e9curit\u00e9 informatique ?<\/strong><\/p>\n<p data-sourcepos=\"13:1-13:264\">La s\u00e9curit\u00e9 informatique d\u00e9signe l&rsquo;ensemble des mesures techniques, organisationnelles et juridiques mises en \u0153uvre pour prot\u00e9ger les syst\u00e8mes d&rsquo;information, les donn\u00e9es et les r\u00e9seaux contre les acc\u00e8s non autoris\u00e9s, les utilisations frauduleuses et les dommages.<\/p>\n<p data-sourcepos=\"15:1-15:27\"><strong>Les principales menaces<\/strong><\/p>\n<p data-sourcepos=\"17:1-17:90\">Les menaces pesant sur la s\u00e9curit\u00e9 informatique sont multiples et vari\u00e9es. On peut citer :<\/p>\n<ul data-sourcepos=\"19:1-19:105\">\n<li data-sourcepos=\"19:1-19:105\"><strong>Les virus et les logiciels malveillants :<\/strong> Ces programmes peuvent endommager vos fichiers, voler vos informations personnelles ou prendre le contr\u00f4le de votre ordinateur.<\/li>\n<li data-sourcepos=\"20:1-20:181\"><strong>Les attaques par phishing :<\/strong> Ces arnaques visent \u00e0 r\u00e9cup\u00e9rer vos identifiants de connexion en vous incitant \u00e0 cliquer sur des liens ou \u00e0 ouvrir des pi\u00e8ces jointes frauduleuses.<\/li>\n<li data-sourcepos=\"21:1-21:113\"><strong>Les ransomwares :<\/strong> Ces logiciels malveillants cryptent vos donn\u00e9es et exigent une ran\u00e7on pour les r\u00e9cup\u00e9rer.<\/li>\n<li data-sourcepos=\"22:1-23:0\"><strong>Les attaques par d\u00e9ni de service :<\/strong> Ces attaques visent \u00e0 rendre un site web ou un service informatique indisponible en le saturant de requ\u00eates.<\/li>\n<\/ul>\n<p data-sourcepos=\"24:1-24:41\"><strong>Les bonnes pratiques pour se prot\u00e9ger<\/strong><\/p>\n<p data-sourcepos=\"26:1-26:41\">Pour vous prot\u00e9ger efficacement des cybermenaces, il est essentiel d&rsquo;adopter les bonnes pratiques suivantes :<\/p>\n<ul data-sourcepos=\"28:1-31:8\">\n<li data-sourcepos=\"28:1-28:140\"><strong>Mettez \u00e0 jour r\u00e9guli\u00e8rement vos logiciels :<\/strong> Les mises \u00e0 jour corrigent les vuln\u00e9rabilit\u00e9s qui peuvent \u00eatre exploit\u00e9es par les hackers.<\/li>\n<li data-sourcepos=\"29:1-29:159\"><strong>Utilisez des mots de passe forts et uniques :<\/strong> \u00c9vitez les mots de passe faciles \u00e0 deviner et utilisez un gestionnaire de mots de passe pour les m\u00e9moriser.<\/li>\n<li data-sourcepos=\"30:1-30:146\"><strong>M\u00e9fiez-vous des emails suspects :<\/strong> Ne cliquez pas sur les liens ou n&rsquo;ouvrez pas les pi\u00e8ces jointes d&#8217;emails provenant d&rsquo;exp\u00e9diteurs inconnus.<\/li>\n<li data-sourcepos=\"31:1-31:8\"><strong>Installez un antivirus et un pare-feu :<\/strong> Ces logiciels vous prot\u00e8gent contre les virus et les autres menaces.<\/li>\n<li data-sourcepos=\"32:1-33:0\"><strong>Sauvegardez r\u00e9guli\u00e8rement vos donn\u00e9es :<\/strong> En cas d&rsquo;attaque, vous pourrez ainsi r\u00e9cup\u00e9rer vos fichiers importants.<\/li>\n<\/ul>\n<p data-sourcepos=\"36:1-36:318\">La s\u00e9curit\u00e9 informatique est un enjeu de soci\u00e9t\u00e9 qui concerne chacun d&rsquo;entre nous. En adoptant les bonnes pratiques, vous pouvez r\u00e9duire consid\u00e9rablement les risques d&rsquo;\u00eatre victime d&rsquo;une cyberattaque. N&rsquo;oubliez pas que la s\u00e9curit\u00e9 informatique est un processus continu qui n\u00e9cessite une vigilance de tous les instants.<\/p>\n","protected":false},"excerpt":{"rendered":"<p>La s\u00e9curit\u00e9 informatique : un enjeu majeur \u00e0 l&rsquo;\u00e8re du num\u00e9rique Dans un monde de plus en plus connect\u00e9, o\u00f9 les donn\u00e9es personnelles et professionnelles sont omnipr\u00e9sentes, la s\u00e9curit\u00e9 informatique est devenue un enjeu primordial. Les cyberattaques se multiplient et peuvent avoir des cons\u00e9quences d\u00e9sastreuses pour les particuliers comme pour les entreprises. Cet article vous [&hellip;]<\/p>\n","protected":false},"author":1,"featured_media":0,"parent":0,"menu_order":0,"comment_status":"closed","ping_status":"closed","template":"","meta":{"footnotes":""},"class_list":["post-20190","page","type-page","status-publish","hentry"],"yoast_head":"<!-- This site is optimized with the Yoast SEO plugin v24.4 - https:\/\/yoast.com\/wordpress\/plugins\/seo\/ -->\n<title>s\u00e9curit\u00e9 informatique - sozetrap<\/title>\n<meta name=\"robots\" content=\"index, follow, max-snippet:-1, max-image-preview:large, max-video-preview:-1\" \/>\n<link rel=\"canonical\" href=\"http:\/\/www.sozetrap.com\/index.php\/securite-informatique\/\" \/>\n<meta property=\"og:locale\" content=\"fr_FR\" \/>\n<meta property=\"og:type\" content=\"article\" \/>\n<meta property=\"og:title\" content=\"s\u00e9curit\u00e9 informatique - sozetrap\" \/>\n<meta property=\"og:description\" content=\"La s\u00e9curit\u00e9 informatique : un enjeu majeur \u00e0 l&rsquo;\u00e8re du num\u00e9rique Dans un monde de plus en plus connect\u00e9, o\u00f9 les donn\u00e9es personnelles et professionnelles sont omnipr\u00e9sentes, la s\u00e9curit\u00e9 informatique est devenue un enjeu primordial. Les cyberattaques se multiplient et peuvent avoir des cons\u00e9quences d\u00e9sastreuses pour les particuliers comme pour les entreprises. Cet article vous [&hellip;]\" \/>\n<meta property=\"og:url\" content=\"http:\/\/www.sozetrap.com\/index.php\/securite-informatique\/\" \/>\n<meta property=\"og:site_name\" content=\"sozetrap\" \/>\n<meta property=\"article:publisher\" content=\"https:\/\/www.facebook.com\/sozetrap.sozetrap.560\/\" \/>\n<meta property=\"article:modified_time\" content=\"2024-10-02T18:45:55+00:00\" \/>\n<meta property=\"og:image\" content=\"http:\/\/www.sozetrap.com\/wp-content\/uploads\/2018\/08\/23425.jpg\" \/>\n<meta name=\"twitter:card\" content=\"summary_large_image\" \/>\n<meta name=\"twitter:label1\" content=\"Dur\u00e9e de lecture estim\u00e9e\" \/>\n\t<meta name=\"twitter:data1\" content=\"2 minutes\" \/>\n<script type=\"application\/ld+json\" class=\"yoast-schema-graph\">{\"@context\":\"https:\/\/schema.org\",\"@graph\":[{\"@type\":\"WebPage\",\"@id\":\"http:\/\/www.sozetrap.com\/index.php\/securite-informatique\/\",\"url\":\"http:\/\/www.sozetrap.com\/index.php\/securite-informatique\/\",\"name\":\"s\u00e9curit\u00e9 informatique - sozetrap\",\"isPartOf\":{\"@id\":\"https:\/\/www.sozetrap.com\/#website\"},\"primaryImageOfPage\":{\"@id\":\"http:\/\/www.sozetrap.com\/index.php\/securite-informatique\/#primaryimage\"},\"image\":{\"@id\":\"http:\/\/www.sozetrap.com\/index.php\/securite-informatique\/#primaryimage\"},\"thumbnailUrl\":\"http:\/\/www.sozetrap.com\/wp-content\/uploads\/2018\/08\/23425.jpg\",\"datePublished\":\"2024-09-17T11:41:26+00:00\",\"dateModified\":\"2024-10-02T18:45:55+00:00\",\"breadcrumb\":{\"@id\":\"http:\/\/www.sozetrap.com\/index.php\/securite-informatique\/#breadcrumb\"},\"inLanguage\":\"fr-FR\",\"potentialAction\":[{\"@type\":\"ReadAction\",\"target\":[\"http:\/\/www.sozetrap.com\/index.php\/securite-informatique\/\"]}]},{\"@type\":\"ImageObject\",\"inLanguage\":\"fr-FR\",\"@id\":\"http:\/\/www.sozetrap.com\/index.php\/securite-informatique\/#primaryimage\",\"url\":\"https:\/\/www.sozetrap.com\/wp-content\/uploads\/2018\/08\/23425.jpg\",\"contentUrl\":\"https:\/\/www.sozetrap.com\/wp-content\/uploads\/2018\/08\/23425.jpg\",\"width\":360,\"height\":225},{\"@type\":\"BreadcrumbList\",\"@id\":\"http:\/\/www.sozetrap.com\/index.php\/securite-informatique\/#breadcrumb\",\"itemListElement\":[{\"@type\":\"ListItem\",\"position\":1,\"name\":\"Accueil\",\"item\":\"https:\/\/www.sozetrap.com\/\"},{\"@type\":\"ListItem\",\"position\":2,\"name\":\"s\u00e9curit\u00e9 informatique\"}]},{\"@type\":\"WebSite\",\"@id\":\"https:\/\/www.sozetrap.com\/#website\",\"url\":\"https:\/\/www.sozetrap.com\/\",\"name\":\"sozetrap\",\"description\":\"Travaillons ensemble pour votre s\u00e9curit\u00e9\",\"publisher\":{\"@id\":\"https:\/\/www.sozetrap.com\/#organization\"},\"potentialAction\":[{\"@type\":\"SearchAction\",\"target\":{\"@type\":\"EntryPoint\",\"urlTemplate\":\"https:\/\/www.sozetrap.com\/?s={search_term_string}\"},\"query-input\":{\"@type\":\"PropertyValueSpecification\",\"valueRequired\":true,\"valueName\":\"search_term_string\"}}],\"inLanguage\":\"fr-FR\"},{\"@type\":\"Organization\",\"@id\":\"https:\/\/www.sozetrap.com\/#organization\",\"name\":\"sozetrap\",\"url\":\"https:\/\/www.sozetrap.com\/\",\"logo\":{\"@type\":\"ImageObject\",\"inLanguage\":\"fr-FR\",\"@id\":\"https:\/\/www.sozetrap.com\/#\/schema\/logo\/image\/\",\"url\":\"http:\/\/www.sozetrap.com\/wp-content\/uploads\/2024\/05\/logo-papier-entete-2024.jpg\",\"contentUrl\":\"http:\/\/www.sozetrap.com\/wp-content\/uploads\/2024\/05\/logo-papier-entete-2024.jpg\",\"width\":316,\"height\":263,\"caption\":\"sozetrap\"},\"image\":{\"@id\":\"https:\/\/www.sozetrap.com\/#\/schema\/logo\/image\/\"},\"sameAs\":[\"https:\/\/www.facebook.com\/sozetrap.sozetrap.560\/\"]}]}<\/script>\n<!-- \/ Yoast SEO plugin. -->","yoast_head_json":{"title":"s\u00e9curit\u00e9 informatique - sozetrap","robots":{"index":"index","follow":"follow","max-snippet":"max-snippet:-1","max-image-preview":"max-image-preview:large","max-video-preview":"max-video-preview:-1"},"canonical":"http:\/\/www.sozetrap.com\/index.php\/securite-informatique\/","og_locale":"fr_FR","og_type":"article","og_title":"s\u00e9curit\u00e9 informatique - sozetrap","og_description":"La s\u00e9curit\u00e9 informatique : un enjeu majeur \u00e0 l&rsquo;\u00e8re du num\u00e9rique Dans un monde de plus en plus connect\u00e9, o\u00f9 les donn\u00e9es personnelles et professionnelles sont omnipr\u00e9sentes, la s\u00e9curit\u00e9 informatique est devenue un enjeu primordial. Les cyberattaques se multiplient et peuvent avoir des cons\u00e9quences d\u00e9sastreuses pour les particuliers comme pour les entreprises. Cet article vous [&hellip;]","og_url":"http:\/\/www.sozetrap.com\/index.php\/securite-informatique\/","og_site_name":"sozetrap","article_publisher":"https:\/\/www.facebook.com\/sozetrap.sozetrap.560\/","article_modified_time":"2024-10-02T18:45:55+00:00","og_image":[{"url":"http:\/\/www.sozetrap.com\/wp-content\/uploads\/2018\/08\/23425.jpg","type":"","width":"","height":""}],"twitter_card":"summary_large_image","twitter_misc":{"Dur\u00e9e de lecture estim\u00e9e":"2 minutes"},"schema":{"@context":"https:\/\/schema.org","@graph":[{"@type":"WebPage","@id":"http:\/\/www.sozetrap.com\/index.php\/securite-informatique\/","url":"http:\/\/www.sozetrap.com\/index.php\/securite-informatique\/","name":"s\u00e9curit\u00e9 informatique - sozetrap","isPartOf":{"@id":"https:\/\/www.sozetrap.com\/#website"},"primaryImageOfPage":{"@id":"http:\/\/www.sozetrap.com\/index.php\/securite-informatique\/#primaryimage"},"image":{"@id":"http:\/\/www.sozetrap.com\/index.php\/securite-informatique\/#primaryimage"},"thumbnailUrl":"http:\/\/www.sozetrap.com\/wp-content\/uploads\/2018\/08\/23425.jpg","datePublished":"2024-09-17T11:41:26+00:00","dateModified":"2024-10-02T18:45:55+00:00","breadcrumb":{"@id":"http:\/\/www.sozetrap.com\/index.php\/securite-informatique\/#breadcrumb"},"inLanguage":"fr-FR","potentialAction":[{"@type":"ReadAction","target":["http:\/\/www.sozetrap.com\/index.php\/securite-informatique\/"]}]},{"@type":"ImageObject","inLanguage":"fr-FR","@id":"http:\/\/www.sozetrap.com\/index.php\/securite-informatique\/#primaryimage","url":"https:\/\/www.sozetrap.com\/wp-content\/uploads\/2018\/08\/23425.jpg","contentUrl":"https:\/\/www.sozetrap.com\/wp-content\/uploads\/2018\/08\/23425.jpg","width":360,"height":225},{"@type":"BreadcrumbList","@id":"http:\/\/www.sozetrap.com\/index.php\/securite-informatique\/#breadcrumb","itemListElement":[{"@type":"ListItem","position":1,"name":"Accueil","item":"https:\/\/www.sozetrap.com\/"},{"@type":"ListItem","position":2,"name":"s\u00e9curit\u00e9 informatique"}]},{"@type":"WebSite","@id":"https:\/\/www.sozetrap.com\/#website","url":"https:\/\/www.sozetrap.com\/","name":"sozetrap","description":"Travaillons ensemble pour votre s\u00e9curit\u00e9","publisher":{"@id":"https:\/\/www.sozetrap.com\/#organization"},"potentialAction":[{"@type":"SearchAction","target":{"@type":"EntryPoint","urlTemplate":"https:\/\/www.sozetrap.com\/?s={search_term_string}"},"query-input":{"@type":"PropertyValueSpecification","valueRequired":true,"valueName":"search_term_string"}}],"inLanguage":"fr-FR"},{"@type":"Organization","@id":"https:\/\/www.sozetrap.com\/#organization","name":"sozetrap","url":"https:\/\/www.sozetrap.com\/","logo":{"@type":"ImageObject","inLanguage":"fr-FR","@id":"https:\/\/www.sozetrap.com\/#\/schema\/logo\/image\/","url":"http:\/\/www.sozetrap.com\/wp-content\/uploads\/2024\/05\/logo-papier-entete-2024.jpg","contentUrl":"http:\/\/www.sozetrap.com\/wp-content\/uploads\/2024\/05\/logo-papier-entete-2024.jpg","width":316,"height":263,"caption":"sozetrap"},"image":{"@id":"https:\/\/www.sozetrap.com\/#\/schema\/logo\/image\/"},"sameAs":["https:\/\/www.facebook.com\/sozetrap.sozetrap.560\/"]}]}},"jetpack_sharing_enabled":true,"_links":{"self":[{"href":"https:\/\/www.sozetrap.com\/index.php\/wp-json\/wp\/v2\/pages\/20190","targetHints":{"allow":["GET"]}}],"collection":[{"href":"https:\/\/www.sozetrap.com\/index.php\/wp-json\/wp\/v2\/pages"}],"about":[{"href":"https:\/\/www.sozetrap.com\/index.php\/wp-json\/wp\/v2\/types\/page"}],"author":[{"embeddable":true,"href":"https:\/\/www.sozetrap.com\/index.php\/wp-json\/wp\/v2\/users\/1"}],"replies":[{"embeddable":true,"href":"https:\/\/www.sozetrap.com\/index.php\/wp-json\/wp\/v2\/comments?post=20190"}],"version-history":[{"count":0,"href":"https:\/\/www.sozetrap.com\/index.php\/wp-json\/wp\/v2\/pages\/20190\/revisions"}],"wp:attachment":[{"href":"https:\/\/www.sozetrap.com\/index.php\/wp-json\/wp\/v2\/media?parent=20190"}],"curies":[{"name":"wp","href":"https:\/\/api.w.org\/{rel}","templated":true}]}}