{"id":21139,"date":"2024-11-08T12:39:10","date_gmt":"2024-11-08T11:39:10","guid":{"rendered":"https:\/\/www.sozetrap.com\/?page_id=21139"},"modified":"2024-11-08T12:46:11","modified_gmt":"2024-11-08T11:46:11","slug":"electricite-du-batiment","status":"publish","type":"page","link":"https:\/\/www.sozetrap.com\/index.php\/electricite-du-batiment\/","title":{"rendered":"L&rsquo;\u00e9lectricit\u00e9 du b\u00e2timent"},"content":{"rendered":"<h4>Pr\u00e9parer et mettre en place une installation \u00e9lectrique dans un b\u00e2timent : dimensionnement, raccordements et protection.<\/h4>\n<p><b>Sozetrap<\/b><b>, <\/b><b>reconnue<\/b><b> pour son savoir-faire <\/b><b>dans<\/b><b> les infrastructures <\/b><b>\u00e9lectriques<\/b><b>, a <\/b><b>\u00e9galement<\/b><b> acquis des <\/b><b>comp\u00e9tences<\/b> <b>avanc\u00e9es<\/b> <b>en<\/b> <b>mati\u00e8re<\/b><b> de <\/b><b>s\u00e9curit\u00e9<\/b> <b>\u00e9lectronique<\/b><b>.<\/b><\/p>\n<p><b> <\/b><b>Dans<\/b><b> un <\/b><b>contexte<\/b> <b>o\u00f9<\/b><b> la protection des <\/b><b>biens<\/b><b> et des <\/b><b>individus<\/b> <b>est<\/b> <b>essentielle<\/b><b>, <\/b><b>Sozetrap<\/b> <b>offre<\/b><b> des solutions <\/b><b>compl\u00e8tes<\/b><b> et <\/b><b>personnalis\u00e9es<\/b><b> pour <\/b><b>satisfaire<\/b><b> les <\/b><b>besoins<\/b><b> de <\/b><b>s\u00e9curit\u00e9<\/b><b> des <\/b><b>entreprises<\/b><b>, des infrastructures<\/b><b> <\/b><b>publiques<\/b><b> et des <\/b><b>logements<\/b> <b>priv\u00e9s<\/b><b>.<\/b><\/p>\n<h2><\/h2>\n<p><img fetchpriority=\"high\" decoding=\"async\" class=\"alignnone wp-image-21096\" src=\"http:\/\/www.sozetrap.com\/wp-content\/uploads\/2018\/08\/th-16-300x164.jpeg\" alt=\"\" width=\"368\" height=\"201\" srcset=\"https:\/\/www.sozetrap.com\/wp-content\/uploads\/2018\/08\/th-16-300x164.jpeg 300w, https:\/\/www.sozetrap.com\/wp-content\/uploads\/2018\/08\/th-16-70x38.jpeg 70w, https:\/\/www.sozetrap.com\/wp-content\/uploads\/2018\/08\/th-16.jpeg 330w\" sizes=\"(max-width: 368px) 100vw, 368px\" \/><img decoding=\"async\" class=\" wp-image-20477 aligncenter\" src=\"http:\/\/www.sozetrap.com\/wp-content\/uploads\/2018\/08\/th-9.jpeg\" alt=\"\" width=\"343\" height=\"228\" srcset=\"https:\/\/www.sozetrap.com\/wp-content\/uploads\/2018\/08\/th-9.jpeg 270w, https:\/\/www.sozetrap.com\/wp-content\/uploads\/2018\/08\/th-9-70x47.jpeg 70w\" sizes=\"(max-width: 343px) 100vw, 343px\" \/><\/p>\n","protected":false},"excerpt":{"rendered":"<p>Pr\u00e9parer et mettre en place une installation \u00e9lectrique dans un b\u00e2timent : dimensionnement, raccordements et protection. Sozetrap, reconnue pour son savoir-faire dans les infrastructures \u00e9lectriques, a \u00e9galement acquis des comp\u00e9tences avanc\u00e9es en mati\u00e8re de s\u00e9curit\u00e9 \u00e9lectronique. Dans un contexte o\u00f9 la protection des biens et des individus est essentielle, Sozetrap offre des solutions compl\u00e8tes et [&hellip;]<\/p>\n","protected":false},"author":1,"featured_media":0,"parent":0,"menu_order":0,"comment_status":"closed","ping_status":"closed","template":"","meta":{"footnotes":""},"class_list":["post-21139","page","type-page","status-publish","hentry"],"yoast_head":"<!-- This site is optimized with the Yoast SEO plugin v24.4 - https:\/\/yoast.com\/wordpress\/plugins\/seo\/ -->\n<title>L&#039;\u00e9lectricit\u00e9 du b\u00e2timent - sozetrap<\/title>\n<meta name=\"robots\" content=\"index, follow, max-snippet:-1, max-image-preview:large, max-video-preview:-1\" \/>\n<link rel=\"canonical\" href=\"http:\/\/www.sozetrap.com\/index.php\/electricite-du-batiment\/\" \/>\n<meta property=\"og:locale\" content=\"fr_FR\" \/>\n<meta property=\"og:type\" content=\"article\" \/>\n<meta property=\"og:title\" content=\"L&#039;\u00e9lectricit\u00e9 du b\u00e2timent - sozetrap\" \/>\n<meta property=\"og:description\" content=\"Pr\u00e9parer et mettre en place une installation \u00e9lectrique dans un b\u00e2timent : dimensionnement, raccordements et protection. Sozetrap, reconnue pour son savoir-faire dans les infrastructures \u00e9lectriques, a \u00e9galement acquis des comp\u00e9tences avanc\u00e9es en mati\u00e8re de s\u00e9curit\u00e9 \u00e9lectronique. Dans un contexte o\u00f9 la protection des biens et des individus est essentielle, Sozetrap offre des solutions compl\u00e8tes et [&hellip;]\" \/>\n<meta property=\"og:url\" content=\"http:\/\/www.sozetrap.com\/index.php\/electricite-du-batiment\/\" \/>\n<meta property=\"og:site_name\" content=\"sozetrap\" \/>\n<meta property=\"article:publisher\" content=\"https:\/\/www.facebook.com\/sozetrap.sozetrap.560\/\" \/>\n<meta property=\"article:modified_time\" content=\"2024-11-08T11:46:11+00:00\" \/>\n<meta property=\"og:image\" content=\"http:\/\/www.sozetrap.com\/wp-content\/uploads\/2018\/08\/th-16-300x164.jpeg\" \/>\n<meta name=\"twitter:card\" content=\"summary_large_image\" \/>\n<script type=\"application\/ld+json\" class=\"yoast-schema-graph\">{\"@context\":\"https:\/\/schema.org\",\"@graph\":[{\"@type\":\"WebPage\",\"@id\":\"http:\/\/www.sozetrap.com\/index.php\/electricite-du-batiment\/\",\"url\":\"http:\/\/www.sozetrap.com\/index.php\/electricite-du-batiment\/\",\"name\":\"L'\u00e9lectricit\u00e9 du b\u00e2timent - sozetrap\",\"isPartOf\":{\"@id\":\"https:\/\/www.sozetrap.com\/#website\"},\"primaryImageOfPage\":{\"@id\":\"http:\/\/www.sozetrap.com\/index.php\/electricite-du-batiment\/#primaryimage\"},\"image\":{\"@id\":\"http:\/\/www.sozetrap.com\/index.php\/electricite-du-batiment\/#primaryimage\"},\"thumbnailUrl\":\"http:\/\/www.sozetrap.com\/wp-content\/uploads\/2018\/08\/th-16-300x164.jpeg\",\"datePublished\":\"2024-11-08T11:39:10+00:00\",\"dateModified\":\"2024-11-08T11:46:11+00:00\",\"breadcrumb\":{\"@id\":\"http:\/\/www.sozetrap.com\/index.php\/electricite-du-batiment\/#breadcrumb\"},\"inLanguage\":\"fr-FR\",\"potentialAction\":[{\"@type\":\"ReadAction\",\"target\":[\"http:\/\/www.sozetrap.com\/index.php\/electricite-du-batiment\/\"]}]},{\"@type\":\"ImageObject\",\"inLanguage\":\"fr-FR\",\"@id\":\"http:\/\/www.sozetrap.com\/index.php\/electricite-du-batiment\/#primaryimage\",\"url\":\"https:\/\/www.sozetrap.com\/wp-content\/uploads\/2018\/08\/th-16.jpeg\",\"contentUrl\":\"https:\/\/www.sozetrap.com\/wp-content\/uploads\/2018\/08\/th-16.jpeg\",\"width\":330,\"height\":180},{\"@type\":\"BreadcrumbList\",\"@id\":\"http:\/\/www.sozetrap.com\/index.php\/electricite-du-batiment\/#breadcrumb\",\"itemListElement\":[{\"@type\":\"ListItem\",\"position\":1,\"name\":\"Accueil\",\"item\":\"https:\/\/www.sozetrap.com\/\"},{\"@type\":\"ListItem\",\"position\":2,\"name\":\"L&rsquo;\u00e9lectricit\u00e9 du b\u00e2timent\"}]},{\"@type\":\"WebSite\",\"@id\":\"https:\/\/www.sozetrap.com\/#website\",\"url\":\"https:\/\/www.sozetrap.com\/\",\"name\":\"sozetrap\",\"description\":\"Travaillons ensemble pour votre s\u00e9curit\u00e9\",\"publisher\":{\"@id\":\"https:\/\/www.sozetrap.com\/#organization\"},\"potentialAction\":[{\"@type\":\"SearchAction\",\"target\":{\"@type\":\"EntryPoint\",\"urlTemplate\":\"https:\/\/www.sozetrap.com\/?s={search_term_string}\"},\"query-input\":{\"@type\":\"PropertyValueSpecification\",\"valueRequired\":true,\"valueName\":\"search_term_string\"}}],\"inLanguage\":\"fr-FR\"},{\"@type\":\"Organization\",\"@id\":\"https:\/\/www.sozetrap.com\/#organization\",\"name\":\"sozetrap\",\"url\":\"https:\/\/www.sozetrap.com\/\",\"logo\":{\"@type\":\"ImageObject\",\"inLanguage\":\"fr-FR\",\"@id\":\"https:\/\/www.sozetrap.com\/#\/schema\/logo\/image\/\",\"url\":\"http:\/\/www.sozetrap.com\/wp-content\/uploads\/2024\/05\/logo-papier-entete-2024.jpg\",\"contentUrl\":\"http:\/\/www.sozetrap.com\/wp-content\/uploads\/2024\/05\/logo-papier-entete-2024.jpg\",\"width\":316,\"height\":263,\"caption\":\"sozetrap\"},\"image\":{\"@id\":\"https:\/\/www.sozetrap.com\/#\/schema\/logo\/image\/\"},\"sameAs\":[\"https:\/\/www.facebook.com\/sozetrap.sozetrap.560\/\"]}]}<\/script>\n<!-- \/ Yoast SEO plugin. -->","yoast_head_json":{"title":"L'\u00e9lectricit\u00e9 du b\u00e2timent - sozetrap","robots":{"index":"index","follow":"follow","max-snippet":"max-snippet:-1","max-image-preview":"max-image-preview:large","max-video-preview":"max-video-preview:-1"},"canonical":"http:\/\/www.sozetrap.com\/index.php\/electricite-du-batiment\/","og_locale":"fr_FR","og_type":"article","og_title":"L'\u00e9lectricit\u00e9 du b\u00e2timent - sozetrap","og_description":"Pr\u00e9parer et mettre en place une installation \u00e9lectrique dans un b\u00e2timent : dimensionnement, raccordements et protection. Sozetrap, reconnue pour son savoir-faire dans les infrastructures \u00e9lectriques, a \u00e9galement acquis des comp\u00e9tences avanc\u00e9es en mati\u00e8re de s\u00e9curit\u00e9 \u00e9lectronique. Dans un contexte o\u00f9 la protection des biens et des individus est essentielle, Sozetrap offre des solutions compl\u00e8tes et [&hellip;]","og_url":"http:\/\/www.sozetrap.com\/index.php\/electricite-du-batiment\/","og_site_name":"sozetrap","article_publisher":"https:\/\/www.facebook.com\/sozetrap.sozetrap.560\/","article_modified_time":"2024-11-08T11:46:11+00:00","og_image":[{"url":"http:\/\/www.sozetrap.com\/wp-content\/uploads\/2018\/08\/th-16-300x164.jpeg","type":"","width":"","height":""}],"twitter_card":"summary_large_image","schema":{"@context":"https:\/\/schema.org","@graph":[{"@type":"WebPage","@id":"http:\/\/www.sozetrap.com\/index.php\/electricite-du-batiment\/","url":"http:\/\/www.sozetrap.com\/index.php\/electricite-du-batiment\/","name":"L'\u00e9lectricit\u00e9 du b\u00e2timent - sozetrap","isPartOf":{"@id":"https:\/\/www.sozetrap.com\/#website"},"primaryImageOfPage":{"@id":"http:\/\/www.sozetrap.com\/index.php\/electricite-du-batiment\/#primaryimage"},"image":{"@id":"http:\/\/www.sozetrap.com\/index.php\/electricite-du-batiment\/#primaryimage"},"thumbnailUrl":"http:\/\/www.sozetrap.com\/wp-content\/uploads\/2018\/08\/th-16-300x164.jpeg","datePublished":"2024-11-08T11:39:10+00:00","dateModified":"2024-11-08T11:46:11+00:00","breadcrumb":{"@id":"http:\/\/www.sozetrap.com\/index.php\/electricite-du-batiment\/#breadcrumb"},"inLanguage":"fr-FR","potentialAction":[{"@type":"ReadAction","target":["http:\/\/www.sozetrap.com\/index.php\/electricite-du-batiment\/"]}]},{"@type":"ImageObject","inLanguage":"fr-FR","@id":"http:\/\/www.sozetrap.com\/index.php\/electricite-du-batiment\/#primaryimage","url":"https:\/\/www.sozetrap.com\/wp-content\/uploads\/2018\/08\/th-16.jpeg","contentUrl":"https:\/\/www.sozetrap.com\/wp-content\/uploads\/2018\/08\/th-16.jpeg","width":330,"height":180},{"@type":"BreadcrumbList","@id":"http:\/\/www.sozetrap.com\/index.php\/electricite-du-batiment\/#breadcrumb","itemListElement":[{"@type":"ListItem","position":1,"name":"Accueil","item":"https:\/\/www.sozetrap.com\/"},{"@type":"ListItem","position":2,"name":"L&rsquo;\u00e9lectricit\u00e9 du b\u00e2timent"}]},{"@type":"WebSite","@id":"https:\/\/www.sozetrap.com\/#website","url":"https:\/\/www.sozetrap.com\/","name":"sozetrap","description":"Travaillons ensemble pour votre s\u00e9curit\u00e9","publisher":{"@id":"https:\/\/www.sozetrap.com\/#organization"},"potentialAction":[{"@type":"SearchAction","target":{"@type":"EntryPoint","urlTemplate":"https:\/\/www.sozetrap.com\/?s={search_term_string}"},"query-input":{"@type":"PropertyValueSpecification","valueRequired":true,"valueName":"search_term_string"}}],"inLanguage":"fr-FR"},{"@type":"Organization","@id":"https:\/\/www.sozetrap.com\/#organization","name":"sozetrap","url":"https:\/\/www.sozetrap.com\/","logo":{"@type":"ImageObject","inLanguage":"fr-FR","@id":"https:\/\/www.sozetrap.com\/#\/schema\/logo\/image\/","url":"http:\/\/www.sozetrap.com\/wp-content\/uploads\/2024\/05\/logo-papier-entete-2024.jpg","contentUrl":"http:\/\/www.sozetrap.com\/wp-content\/uploads\/2024\/05\/logo-papier-entete-2024.jpg","width":316,"height":263,"caption":"sozetrap"},"image":{"@id":"https:\/\/www.sozetrap.com\/#\/schema\/logo\/image\/"},"sameAs":["https:\/\/www.facebook.com\/sozetrap.sozetrap.560\/"]}]}},"jetpack_sharing_enabled":true,"_links":{"self":[{"href":"https:\/\/www.sozetrap.com\/index.php\/wp-json\/wp\/v2\/pages\/21139","targetHints":{"allow":["GET"]}}],"collection":[{"href":"https:\/\/www.sozetrap.com\/index.php\/wp-json\/wp\/v2\/pages"}],"about":[{"href":"https:\/\/www.sozetrap.com\/index.php\/wp-json\/wp\/v2\/types\/page"}],"author":[{"embeddable":true,"href":"https:\/\/www.sozetrap.com\/index.php\/wp-json\/wp\/v2\/users\/1"}],"replies":[{"embeddable":true,"href":"https:\/\/www.sozetrap.com\/index.php\/wp-json\/wp\/v2\/comments?post=21139"}],"version-history":[{"count":0,"href":"https:\/\/www.sozetrap.com\/index.php\/wp-json\/wp\/v2\/pages\/21139\/revisions"}],"wp:attachment":[{"href":"https:\/\/www.sozetrap.com\/index.php\/wp-json\/wp\/v2\/media?parent=21139"}],"curies":[{"name":"wp","href":"https:\/\/api.w.org\/{rel}","templated":true}]}}