{"id":20817,"date":"2024-11-02T12:11:17","date_gmt":"2024-11-02T11:11:17","guid":{"rendered":"https:\/\/www.sozetrap.com\/?post_type=product&#038;p=20817"},"modified":"2024-11-02T12:11:18","modified_gmt":"2024-11-02T11:11:18","slug":"ls105g","status":"publish","type":"product","link":"https:\/\/www.sozetrap.com\/index.php\/product\/ls105g\/","title":{"rendered":"LS105G"},"content":{"rendered":"","protected":false},"excerpt":{"rendered":"<p>TP-Link Switch Ethernet (LS105G) Gigabit 5 ports RJ45 metallique 10\/100\/1000 Mbps, Id\u00e9al pour \u00e9tendre le r\u00e9seau c\u00e2bl\u00e9 pour les PME et les bureaux \u00e0 domicile.<br \/>\nMarque\tTP-Link<br \/>\nNombre de ports\t5<br \/>\nComposants inclus\tswitch<br \/>\nAppareils compatibles<br \/>\nLe LS105G est enti\u00e8rement compatible avec les appareils en r\u00e9seau tels que les ordinateurs, imprimantes, webcams, IPTV. Il a un large \u00e9ventail de sc\u00e9narios d&rsquo;application et convient au r\u00e9seautage dans les dortoirs scolaires, la surveillance, les maisons et les petites entreprises.Le LS105G est enti\u00e8rement compatible avec les appareils en r\u00e9seau tels que les ordinateurs, imprimantes, webcams, IPTV.<\/p>\n","protected":false},"featured_media":20818,"comment_status":"open","ping_status":"closed","template":"","meta":[],"product_cat":[67],"product_tag":[],"class_list":{"0":"post-20817","1":"product","2":"type-product","3":"status-publish","4":"has-post-thumbnail","6":"product_cat-reseaux","8":"first","9":"instock","10":"shipping-taxable","11":"product-type-simple"},"yoast_head":"<!-- This site is optimized with the Yoast SEO plugin v24.4 - https:\/\/yoast.com\/wordpress\/plugins\/seo\/ -->\n<title>LS105G - sozetrap<\/title>\n<meta name=\"robots\" content=\"index, follow, max-snippet:-1, max-image-preview:large, max-video-preview:-1\" \/>\n<link rel=\"canonical\" href=\"http:\/\/www.sozetrap.com\/index.php\/product\/ls105g\/\" \/>\n<meta property=\"og:locale\" content=\"fr_FR\" \/>\n<meta property=\"og:type\" content=\"article\" \/>\n<meta property=\"og:title\" content=\"LS105G - sozetrap\" \/>\n<meta property=\"og:description\" content=\"TP-Link Switch Ethernet (LS105G) Gigabit 5 ports RJ45 metallique 10\/100\/1000 Mbps, Id\u00e9al pour \u00e9tendre le r\u00e9seau c\u00e2bl\u00e9 pour les PME et les bureaux \u00e0 domicile. Marque TP-Link Nombre de ports 5 Composants inclus switch Appareils compatibles Le LS105G est enti\u00e8rement compatible avec les appareils en r\u00e9seau tels que les ordinateurs, imprimantes, webcams, IPTV. Il a un large \u00e9ventail de sc\u00e9narios d&#039;application et convient au r\u00e9seautage dans les dortoirs scolaires, la surveillance, les maisons et les petites entreprises.Le LS105G est enti\u00e8rement compatible avec les appareils en r\u00e9seau tels que les ordinateurs, imprimantes, webcams, IPTV.\" \/>\n<meta property=\"og:url\" content=\"http:\/\/www.sozetrap.com\/index.php\/product\/ls105g\/\" \/>\n<meta property=\"og:site_name\" content=\"sozetrap\" \/>\n<meta property=\"article:publisher\" content=\"https:\/\/www.facebook.com\/sozetrap.sozetrap.560\/\" \/>\n<meta property=\"article:modified_time\" content=\"2024-11-02T11:11:18+00:00\" \/>\n<meta property=\"og:image\" content=\"http:\/\/www.sozetrap.com\/wp-content\/uploads\/2024\/11\/tplinkswitch.jpg\" \/>\n\t<meta property=\"og:image:width\" content=\"680\" \/>\n\t<meta property=\"og:image:height\" content=\"355\" \/>\n\t<meta property=\"og:image:type\" content=\"image\/jpeg\" \/>\n<meta name=\"twitter:card\" content=\"summary_large_image\" \/>\n<script type=\"application\/ld+json\" class=\"yoast-schema-graph\">{\"@context\":\"https:\/\/schema.org\",\"@graph\":[{\"@type\":\"WebPage\",\"@id\":\"http:\/\/www.sozetrap.com\/index.php\/product\/ls105g\/\",\"url\":\"http:\/\/www.sozetrap.com\/index.php\/product\/ls105g\/\",\"name\":\"LS105G - sozetrap\",\"isPartOf\":{\"@id\":\"https:\/\/www.sozetrap.com\/#website\"},\"primaryImageOfPage\":{\"@id\":\"http:\/\/www.sozetrap.com\/index.php\/product\/ls105g\/#primaryimage\"},\"image\":{\"@id\":\"http:\/\/www.sozetrap.com\/index.php\/product\/ls105g\/#primaryimage\"},\"thumbnailUrl\":\"https:\/\/www.sozetrap.com\/wp-content\/uploads\/2024\/11\/tplinkswitch.jpg\",\"datePublished\":\"2024-11-02T11:11:17+00:00\",\"dateModified\":\"2024-11-02T11:11:18+00:00\",\"breadcrumb\":{\"@id\":\"http:\/\/www.sozetrap.com\/index.php\/product\/ls105g\/#breadcrumb\"},\"inLanguage\":\"fr-FR\",\"potentialAction\":[{\"@type\":\"ReadAction\",\"target\":[\"http:\/\/www.sozetrap.com\/index.php\/product\/ls105g\/\"]}]},{\"@type\":\"ImageObject\",\"inLanguage\":\"fr-FR\",\"@id\":\"http:\/\/www.sozetrap.com\/index.php\/product\/ls105g\/#primaryimage\",\"url\":\"https:\/\/www.sozetrap.com\/wp-content\/uploads\/2024\/11\/tplinkswitch.jpg\",\"contentUrl\":\"https:\/\/www.sozetrap.com\/wp-content\/uploads\/2024\/11\/tplinkswitch.jpg\",\"width\":680,\"height\":355},{\"@type\":\"BreadcrumbList\",\"@id\":\"http:\/\/www.sozetrap.com\/index.php\/product\/ls105g\/#breadcrumb\",\"itemListElement\":[{\"@type\":\"ListItem\",\"position\":1,\"name\":\"Accueil\",\"item\":\"https:\/\/www.sozetrap.com\/\"},{\"@type\":\"ListItem\",\"position\":2,\"name\":\"Produits\",\"item\":\"https:\/\/www.sozetrap.com\/index.php\/produits\/\"},{\"@type\":\"ListItem\",\"position\":3,\"name\":\"LS105G\"}]},{\"@type\":\"WebSite\",\"@id\":\"https:\/\/www.sozetrap.com\/#website\",\"url\":\"https:\/\/www.sozetrap.com\/\",\"name\":\"sozetrap\",\"description\":\"Travaillons ensemble pour votre s\u00e9curit\u00e9\",\"publisher\":{\"@id\":\"https:\/\/www.sozetrap.com\/#organization\"},\"potentialAction\":[{\"@type\":\"SearchAction\",\"target\":{\"@type\":\"EntryPoint\",\"urlTemplate\":\"https:\/\/www.sozetrap.com\/?s={search_term_string}\"},\"query-input\":{\"@type\":\"PropertyValueSpecification\",\"valueRequired\":true,\"valueName\":\"search_term_string\"}}],\"inLanguage\":\"fr-FR\"},{\"@type\":\"Organization\",\"@id\":\"https:\/\/www.sozetrap.com\/#organization\",\"name\":\"sozetrap\",\"url\":\"https:\/\/www.sozetrap.com\/\",\"logo\":{\"@type\":\"ImageObject\",\"inLanguage\":\"fr-FR\",\"@id\":\"https:\/\/www.sozetrap.com\/#\/schema\/logo\/image\/\",\"url\":\"http:\/\/www.sozetrap.com\/wp-content\/uploads\/2024\/05\/logo-papier-entete-2024.jpg\",\"contentUrl\":\"http:\/\/www.sozetrap.com\/wp-content\/uploads\/2024\/05\/logo-papier-entete-2024.jpg\",\"width\":316,\"height\":263,\"caption\":\"sozetrap\"},\"image\":{\"@id\":\"https:\/\/www.sozetrap.com\/#\/schema\/logo\/image\/\"},\"sameAs\":[\"https:\/\/www.facebook.com\/sozetrap.sozetrap.560\/\"]}]}<\/script>\n<!-- \/ Yoast SEO plugin. -->","yoast_head_json":{"title":"LS105G - sozetrap","robots":{"index":"index","follow":"follow","max-snippet":"max-snippet:-1","max-image-preview":"max-image-preview:large","max-video-preview":"max-video-preview:-1"},"canonical":"http:\/\/www.sozetrap.com\/index.php\/product\/ls105g\/","og_locale":"fr_FR","og_type":"article","og_title":"LS105G - sozetrap","og_description":"TP-Link Switch Ethernet (LS105G) Gigabit 5 ports RJ45 metallique 10\/100\/1000 Mbps, Id\u00e9al pour \u00e9tendre le r\u00e9seau c\u00e2bl\u00e9 pour les PME et les bureaux \u00e0 domicile. Marque TP-Link Nombre de ports 5 Composants inclus switch Appareils compatibles Le LS105G est enti\u00e8rement compatible avec les appareils en r\u00e9seau tels que les ordinateurs, imprimantes, webcams, IPTV. Il a un large \u00e9ventail de sc\u00e9narios d'application et convient au r\u00e9seautage dans les dortoirs scolaires, la surveillance, les maisons et les petites entreprises.Le LS105G est enti\u00e8rement compatible avec les appareils en r\u00e9seau tels que les ordinateurs, imprimantes, webcams, IPTV.","og_url":"http:\/\/www.sozetrap.com\/index.php\/product\/ls105g\/","og_site_name":"sozetrap","article_publisher":"https:\/\/www.facebook.com\/sozetrap.sozetrap.560\/","article_modified_time":"2024-11-02T11:11:18+00:00","og_image":[{"width":680,"height":355,"url":"http:\/\/www.sozetrap.com\/wp-content\/uploads\/2024\/11\/tplinkswitch.jpg","type":"image\/jpeg"}],"twitter_card":"summary_large_image","schema":{"@context":"https:\/\/schema.org","@graph":[{"@type":"WebPage","@id":"http:\/\/www.sozetrap.com\/index.php\/product\/ls105g\/","url":"http:\/\/www.sozetrap.com\/index.php\/product\/ls105g\/","name":"LS105G - sozetrap","isPartOf":{"@id":"https:\/\/www.sozetrap.com\/#website"},"primaryImageOfPage":{"@id":"http:\/\/www.sozetrap.com\/index.php\/product\/ls105g\/#primaryimage"},"image":{"@id":"http:\/\/www.sozetrap.com\/index.php\/product\/ls105g\/#primaryimage"},"thumbnailUrl":"https:\/\/www.sozetrap.com\/wp-content\/uploads\/2024\/11\/tplinkswitch.jpg","datePublished":"2024-11-02T11:11:17+00:00","dateModified":"2024-11-02T11:11:18+00:00","breadcrumb":{"@id":"http:\/\/www.sozetrap.com\/index.php\/product\/ls105g\/#breadcrumb"},"inLanguage":"fr-FR","potentialAction":[{"@type":"ReadAction","target":["http:\/\/www.sozetrap.com\/index.php\/product\/ls105g\/"]}]},{"@type":"ImageObject","inLanguage":"fr-FR","@id":"http:\/\/www.sozetrap.com\/index.php\/product\/ls105g\/#primaryimage","url":"https:\/\/www.sozetrap.com\/wp-content\/uploads\/2024\/11\/tplinkswitch.jpg","contentUrl":"https:\/\/www.sozetrap.com\/wp-content\/uploads\/2024\/11\/tplinkswitch.jpg","width":680,"height":355},{"@type":"BreadcrumbList","@id":"http:\/\/www.sozetrap.com\/index.php\/product\/ls105g\/#breadcrumb","itemListElement":[{"@type":"ListItem","position":1,"name":"Accueil","item":"https:\/\/www.sozetrap.com\/"},{"@type":"ListItem","position":2,"name":"Produits","item":"https:\/\/www.sozetrap.com\/index.php\/produits\/"},{"@type":"ListItem","position":3,"name":"LS105G"}]},{"@type":"WebSite","@id":"https:\/\/www.sozetrap.com\/#website","url":"https:\/\/www.sozetrap.com\/","name":"sozetrap","description":"Travaillons ensemble pour votre s\u00e9curit\u00e9","publisher":{"@id":"https:\/\/www.sozetrap.com\/#organization"},"potentialAction":[{"@type":"SearchAction","target":{"@type":"EntryPoint","urlTemplate":"https:\/\/www.sozetrap.com\/?s={search_term_string}"},"query-input":{"@type":"PropertyValueSpecification","valueRequired":true,"valueName":"search_term_string"}}],"inLanguage":"fr-FR"},{"@type":"Organization","@id":"https:\/\/www.sozetrap.com\/#organization","name":"sozetrap","url":"https:\/\/www.sozetrap.com\/","logo":{"@type":"ImageObject","inLanguage":"fr-FR","@id":"https:\/\/www.sozetrap.com\/#\/schema\/logo\/image\/","url":"http:\/\/www.sozetrap.com\/wp-content\/uploads\/2024\/05\/logo-papier-entete-2024.jpg","contentUrl":"http:\/\/www.sozetrap.com\/wp-content\/uploads\/2024\/05\/logo-papier-entete-2024.jpg","width":316,"height":263,"caption":"sozetrap"},"image":{"@id":"https:\/\/www.sozetrap.com\/#\/schema\/logo\/image\/"},"sameAs":["https:\/\/www.facebook.com\/sozetrap.sozetrap.560\/"]}]}},"jetpack_sharing_enabled":true,"_links":{"self":[{"href":"https:\/\/www.sozetrap.com\/index.php\/wp-json\/wp\/v2\/product\/20817","targetHints":{"allow":["GET"]}}],"collection":[{"href":"https:\/\/www.sozetrap.com\/index.php\/wp-json\/wp\/v2\/product"}],"about":[{"href":"https:\/\/www.sozetrap.com\/index.php\/wp-json\/wp\/v2\/types\/product"}],"replies":[{"embeddable":true,"href":"https:\/\/www.sozetrap.com\/index.php\/wp-json\/wp\/v2\/comments?post=20817"}],"wp:featuredmedia":[{"embeddable":true,"href":"https:\/\/www.sozetrap.com\/index.php\/wp-json\/wp\/v2\/media\/20818"}],"wp:attachment":[{"href":"https:\/\/www.sozetrap.com\/index.php\/wp-json\/wp\/v2\/media?parent=20817"}],"wp:term":[{"taxonomy":"product_cat","embeddable":true,"href":"https:\/\/www.sozetrap.com\/index.php\/wp-json\/wp\/v2\/product_cat?post=20817"},{"taxonomy":"product_tag","embeddable":true,"href":"https:\/\/www.sozetrap.com\/index.php\/wp-json\/wp\/v2\/product_tag?post=20817"}],"curies":[{"name":"wp","href":"https:\/\/api.w.org\/{rel}","templated":true}]}}